divided by 17?
16
What is the remainder when 1557 is divided by 199?
164
Calculate the remainder when 180 is divided by 71.
38
What is the remainder when 45823 is divided by 64?
63
Calculate the remainder when 361 is divided by 5.
1
What is the remainder when 301 is divided by 35?
21
Calculate the remainder when 114 is divided by 39.
36
Calculate the remainder when 508 is divided by 31.
12
Calculate the remainder when 251 is divided by 51.
47
What is the remainder when 135 is divided by 42?
9
What is the remainder when 80 is divided by 15?
5
What is the remainder when 3644 is divided by 21?
11
Calculate the remainder when 244 is divided by 19.
16
What is the remainder when 10491 is divided by 66?
63
What is the remainder when 221 is divided by 218?
3
What is the remainder when 953 is divided by 312?
17
Calculate the remainder when 75 is divided by 40.
35
Calculate the remainder when 1691 is divided by 418.
19
Calculate the remainder when 45 is divided by 22.
1
Calculate the remainder when 195 is divided by 6.
3
What is the remainder when 1184 is divided by 1165?
19
Calculate the remainder when 413 is divided by 83.
81
What is the remainder when 145 is divided by 27?
10
What is the remainder when 255 is divided by 74?
33
Calculate the remainder when 5114 is divided by 55.
54
What is the remainder when 3047 is divided by 1011?
14
What is the remainder when 136 is divided by 14?
10
Calculate the remainder when 484 is divided by 237.
10
Calculate the remainder when 376 is divided by 323.
53
What is the remainder when 1062 is divided by 14?
12
What is the remainder when 149 is divided by 10?
9
What is the remainder when 3275 is divided by 126?
125
What is the remainder when 205 is divided by 203?
2
Calculate the remainder when 183 is divided by 71.
41
Calculate the remainder when 2451 is divided by 88.
75
Calculate the remainder when 772 is divided by 166.
108
Calculate the remainder when 23104 is divided by 53.
49
Calculate the remainder when 113 is divided by 20.
13
What is the remainder when 79 is divided by 27?
25
What is the remainder when 59 is divided by 25?
9
Calculate the remainder when 97 is divided by 34.
29
What is the remainder when 197 is divided by 99?
98
What is the remainder when 1902 is divided by 613?
63
Calculate the remainder when 337 is divided by 88.
73
Calculate the remainder when 955 is divided by 162.
145
What is the remainder when 567 is divided by 24?
15
What is the remainder when 110 is divided by 44?
22
Calculate the remainder when 173 is divided by 157.
16
What is the remainder when 159 is divided by 34?
23
Calculate the remainder when 14359 is divided by 40.
39
Calculate the remainder when 700 is divided by 13.
11
What is the remainder when 222 is divided by 83?
56
Calculate the remainder when 217 is divided by 23.
10
What is the remainder when 153 is divided by 16?
9
What is the remainder when 36 is divided by 25?
11
What is the remainder when 2039 is divided by 52?
11
Calculate the remainder when 142 is divided by 8.
6
What is the remainder when 86 is divided by 11?
9
Calculate the remainder when 54 is divided by 37.
17
Calculate the remainder when 241 is divided by 49.
45
What is the remainder when 1835 is divided by 12?
11
What is the remainder when 957 is divided by 24?
21
Calculate the remainder when 3694 is divided by 56.
54
Calculate the remainder when 528 is divided by 77.
66
Calculate the remainder when 198 is divided by 101.
97
What is the remainder when 2623 is divided by 26?
23
What is the remainder when 2008 is divided by 67?
65
What is the remainder when 95 is divided by 34?
27
What is the remainder when 335 is divided by 17?
12
Calculate the remainder when 418 is divided by 15.
13
Calculate the remainder when 94 is divided by 16.
14
Calculate the remainder when 122 is divided by 36.
14
What is the remainder when 26 is divided by 18?
8
What is the remainder when 194 is divided by 23?
10
Calculate the remainder when 237 is divided by 54.
21
Calculate the remainder when 93 is divided by 57.
36
Calculate the remainder when 354 is divided by 90.
84
What is the remainder when 2189 is divided by 312?
5
Calculate the remainder when 239 is divided by 77.
8
What is the remainder when 330 is divided by 20?
10
Calculate the remainder when 1702 is divided by 1686.
16
What is the remainder when 144 is divided by 36?
0
What is the remainder when 113 is divided by 61?
52
What is the remainder when 1048 is divided by 7?
5
What is the remainder when 152 is divided by 93?
59
What is the remainder when 53 is divided by 13?
1
What is the remainder when 765 is divided by 157?
137
What is the remainder when 102 is divided by 38?
26
Calculate the remainder when 100 is divided by 28.
16
What is the remainder when 1172 is divided by 11?
6
What is the remainder when 37 is divided by 22?
15
What is the remainder when 445 is divided by 118?
91
Calculate the remainder when 3561 is divided by 37.
9
What is the remainder when 1867 is divided by 89?
87
Calculate the remainder when 828 is divided by 95.
68
What is the remainder when 24 is divided by 2?
0
Calculate the remainder when 39 is divided by 22.
17
What is the remainder when 567 is divided by 69?
15
Calculate the remainder when 2654 is divided by 191.
171
What is the remainder when 41 is divided by 11?
8
Calculate the remainder when 394 is divided by 250.
144
What is the remainder when 627 is divided by 82?
53
Calculate the remainder when 139 is divided by 73.
66
What is the remainder when 1278 is divided by 21?
18
What is the remainder when 2612 is divided by 22?
16
Calculate the remainder when 226 is divided by 84.
58
What is the remainder when 1255 is divided by 8?
7
What is the remainder when 4161 is divided by 24?
9
Calculate the remainder when 554 is divided by 269.
16
Calculate the remainder when 1232 is divided by 103.
99
What is the remainder when 110 is divided by 18?
2
Calculate the remainder when 4574 is divided by 26.
24
What is the remainder when 356 is divided by 21?
20
Calculate the remainder when 81 is divided by 51.
30
Calculate the remainder when 135 is divided by 68.
67
What is the remainder when 470 is divided by 59?
57
Calculate the remainder when 691 is divided by 17.
11
Calculate the remainder when 106 is divided by 11.
7
What is the remainder when 3687 is divided by 26?
21
Calculate the remainder when 393 is divided by 9.
6
What is the remainder when 74 is divided by 20?
14
Calculate the remainder when 911 is divided by 61.
57
What is the remainder when 1295 is divided by 24?
23
What is the remainder when 1248 is divided by 33?
27
Calculate the remainder when 108 is divided by 4.
0
Calculate the remainder when 20 is divided by 11.
9
What is the remainder when 239 is divided by 38?
11
Calculate the remainder when 137 is divided by 69.
68
What is the remainder when 128 is divided by 6?
2
What is the remainder when 77 is divided by 22?
11
Calculate the remainder when 182 is divided by 41.
18
Calculate the remainder when 1108 is divided by 41.
1
What is the remainder when 249 is divided by 120?
9
Calculate the remainder when 160 is divided by 31.
5
What is the remainder when 253 is divided by 37?
31
Calculate the remainder when 350 is divided by 107.
29
Calculate the remainder when 888 is divided by 27.
24
What is the remainder when 511 is divided by 16?
15
Calculate the remainder when 1222 is divided by 36.
34
Calculate the remainder when 648 is divided by 54.
0
What is the remainder when 874 is divided by 178?
162
What is the remainder when 697 is divided by 50?
47
What is the remainder when 100 is divided by 1?
0
What is the remainder when 42 is divided by 23?
19
Calculate the remainder when 3573 is divided by 73.
69
Calculate the remainder when 1483 is divided by 24.
19
Calculate the remainder when 685 is divided by 14.
13
Calculate the remainder when 335 is divided by 109.
8
Calculate the remainder when 1078 is divided by 36.
34
What is the remainder when 955 is divided by 67?
17
What is the remainder when 418 is divided by 62?
46
Calculate the remainder when 1678 is divided by 48.
46
Calculate the remainder when 225 is divided by 46.
41
Calculate the remainder when 694 is divided by 58.
56
What is the remainder when 5351 is divided by 15?
11
Wha